[INFO] fetching crate azulc 0.0.3...
[INFO] building azulc-0.0.3 against master#ff34b919075f35a1787659e9c448a34b06bab8de for issue-85264
[INFO] extracting crate azulc 0.0.3 into /workspace/builds/worker-9/source
[INFO] validating manifest of crates.io crate azulc 0.0.3 on toolchain ff34b919075f35a1787659e9c448a34b06bab8de
[INFO] running `Command { std: "/workspace/cargo-home/bin/cargo" "+ff34b919075f35a1787659e9c448a34b06bab8de" "metadata" "--manifest-path" "Cargo.toml" "--no-deps", kill_on_drop: false }`
[INFO] started tweaking crates.io crate azulc 0.0.3
[INFO] finished tweaking crates.io crate azulc 0.0.3
[INFO] tweaked toml for crates.io crate azulc 0.0.3 written to /workspace/builds/worker-9/source/Cargo.toml
[INFO] crate crates.io crate azulc 0.0.3 already has a lockfile, it will not be regenerated
[INFO] running `Command { std: "/workspace/cargo-home/bin/cargo" "+ff34b919075f35a1787659e9c448a34b06bab8de" "fetch" "--manifest-path" "Cargo.toml", kill_on_drop: false }`
[INFO] running `Command { std: "docker" "create" "-v" "/var/lib/crater-agent-workspace/builds/worker-9/target:/opt/rustwide/target:rw,Z" "-v" "/var/lib/crater-agent-workspace/builds/worker-9/source:/opt/rustwide/workdir:ro,Z" "-v" "/var/lib/crater-agent-workspace/cargo-home:/opt/rustwide/cargo-home:ro,Z" "-v" "/var/lib/crater-agent-workspace/rustup-home:/opt/rustwide/rustup-home:ro,Z" "-e" "SOURCE_DIR=/opt/rustwide/workdir" "-e" "CARGO_TARGET_DIR=/opt/rustwide/target" "-e" "CARGO_HOME=/opt/rustwide/cargo-home" "-e" "RUSTUP_HOME=/opt/rustwide/rustup-home" "-w" "/opt/rustwide/workdir" "-m" "1610612736" "--user" "0:0" "--network" "none" "ghcr.io/rust-lang/crates-build-env/linux@sha256:20528e8c29e4536546f0102ce88568b16ea7538393a33fcca951030f7af10457" "/opt/rustwide/cargo-home/bin/cargo" "+ff34b919075f35a1787659e9c448a34b06bab8de" "metadata" "--no-deps" "--format-version=1", kill_on_drop: false }`
[INFO] [stdout] f38ec4b8bee3570904119f33f55aaea7c02d29cff3a3991cba3a2db2e1e0fcd8
[INFO] [stderr] WARNING: Your kernel does not support swap limit capabilities or the cgroup is not mounted. Memory limited without swap.
[INFO] running `Command { std: "docker" "start" "-a" "f38ec4b8bee3570904119f33f55aaea7c02d29cff3a3991cba3a2db2e1e0fcd8", kill_on_drop: false }`
[INFO] running `Command { std: "docker" "inspect" "f38ec4b8bee3570904119f33f55aaea7c02d29cff3a3991cba3a2db2e1e0fcd8", kill_on_drop: false }`
[INFO] running `Command { std: "docker" "rm" "-f" "f38ec4b8bee3570904119f33f55aaea7c02d29cff3a3991cba3a2db2e1e0fcd8", kill_on_drop: false }`
[INFO] [stdout] f38ec4b8bee3570904119f33f55aaea7c02d29cff3a3991cba3a2db2e1e0fcd8
[INFO] running `Command { std: "docker" "create" "-v" "/var/lib/crater-agent-workspace/builds/worker-9/target:/opt/rustwide/target:rw,Z" "-v" "/var/lib/crater-agent-workspace/builds/worker-9/source:/opt/rustwide/workdir:ro,Z" "-v" "/var/lib/crater-agent-workspace/cargo-home:/opt/rustwide/cargo-home:ro,Z" "-v" "/var/lib/crater-agent-workspace/rustup-home:/opt/rustwide/rustup-home:ro,Z" "-e" "SOURCE_DIR=/opt/rustwide/workdir" "-e" "CARGO_TARGET_DIR=/opt/rustwide/target" "-e" "CARGO_INCREMENTAL=0" "-e" "RUST_BACKTRACE=full" "-e" "RUSTFLAGS=--cap-lints=forbid" "-e" "CARGO_HOME=/opt/rustwide/cargo-home" "-e" "RUSTUP_HOME=/opt/rustwide/rustup-home" "-w" "/opt/rustwide/workdir" "-m" "1610612736" "--user" "0:0" "--network" "none" "ghcr.io/rust-lang/crates-build-env/linux@sha256:20528e8c29e4536546f0102ce88568b16ea7538393a33fcca951030f7af10457" "/opt/rustwide/cargo-home/bin/cargo" "+ff34b919075f35a1787659e9c448a34b06bab8de" "build" "--frozen" "--message-format=json", kill_on_drop: false }`
[INFO] [stdout] 970706f679eea81b24f820f0ef35775238f65d7be60c6d1d4d08ea8b10e0fb8a
[INFO] [stderr] WARNING: Your kernel does not support swap limit capabilities or the cgroup is not mounted. Memory limited without swap.
[INFO] running `Command { std: "docker" "start" "-a" "970706f679eea81b24f820f0ef35775238f65d7be60c6d1d4d08ea8b10e0fb8a", kill_on_drop: false }`
[INFO] [stderr]    Compiling cc v1.0.52
[INFO] [stderr]    Compiling khronos_api v3.1.0
[INFO] [stderr]    Compiling libc v0.2.70
[INFO] [stderr]    Compiling xml-rs v0.8.3
[INFO] [stderr]    Compiling azul-css v0.0.1
[INFO] [stderr]    Compiling smallvec v1.4.0
[INFO] [stderr]    Compiling azul-simplecss v0.1.1
[INFO] [stderr]    Compiling xmlparser v0.9.0
[INFO] [stderr]    Compiling num-traits v0.2.11
[INFO] [stderr]    Compiling num-integer v0.1.42
[INFO] [stderr]    Compiling num-iter v0.1.40
[INFO] [stderr]    Compiling servo-fontconfig-sys v4.0.9
[INFO] [stderr]    Compiling num-rational v0.2.4
[INFO] [stderr]    Compiling deflate v0.7.20
[INFO] [stderr]    Compiling jpeg-decoder v0.1.19
[INFO] [stderr]    Compiling num-derive v0.2.5
[INFO] [stderr]    Compiling unicode-normalization v0.1.12
[INFO] [stderr]    Compiling gl_generator v0.14.0
[INFO] [stderr]    Compiling cmake v0.1.42
[INFO] [stderr]    Compiling servo-freetype-sys v4.0.5
[INFO] [stderr]    Compiling expat-sys v2.1.6
[INFO] [stderr]    Compiling harfbuzz-sys v0.3.4
[INFO] [stderr]    Compiling freetype v0.4.1
[INFO] [stderr]    Compiling servo-fontconfig v0.4.0
[INFO] [stderr]    Compiling font-loader v0.8.0
[INFO] [stderr]    Compiling azul-css-parser v0.0.1
[INFO] [stderr]    Compiling png v0.14.1
[INFO] [stderr]    Compiling gleam v0.11.0
[INFO] [stderr]    Compiling tiff v0.2.2
[INFO] [stderr]    Compiling image v0.21.3
[INFO] [stderr]    Compiling azul-core v0.0.2
[INFO] [stderr]    Compiling azul-text-layout v0.0.3
[INFO] [stderr]    Compiling azul-layout v0.0.4
[INFO] [stderr]    Compiling azulc v0.0.3 (/opt/rustwide/workdir)
[INFO] [stderr]     Finished dev [unoptimized + debuginfo] target(s) in 1m 05s
[INFO] running `Command { std: "docker" "inspect" "970706f679eea81b24f820f0ef35775238f65d7be60c6d1d4d08ea8b10e0fb8a", kill_on_drop: false }`
[INFO] running `Command { std: "docker" "rm" "-f" "970706f679eea81b24f820f0ef35775238f65d7be60c6d1d4d08ea8b10e0fb8a", kill_on_drop: false }`
[INFO] [stdout] 970706f679eea81b24f820f0ef35775238f65d7be60c6d1d4d08ea8b10e0fb8a
[INFO] running `Command { std: "docker" "create" "-v" "/var/lib/crater-agent-workspace/builds/worker-9/target:/opt/rustwide/target:rw,Z" "-v" "/var/lib/crater-agent-workspace/builds/worker-9/source:/opt/rustwide/workdir:ro,Z" "-v" "/var/lib/crater-agent-workspace/cargo-home:/opt/rustwide/cargo-home:ro,Z" "-v" "/var/lib/crater-agent-workspace/rustup-home:/opt/rustwide/rustup-home:ro,Z" "-e" "SOURCE_DIR=/opt/rustwide/workdir" "-e" "CARGO_TARGET_DIR=/opt/rustwide/target" "-e" "CARGO_INCREMENTAL=0" "-e" "RUST_BACKTRACE=full" "-e" "RUSTFLAGS=--cap-lints=forbid" "-e" "CARGO_HOME=/opt/rustwide/cargo-home" "-e" "RUSTUP_HOME=/opt/rustwide/rustup-home" "-w" "/opt/rustwide/workdir" "-m" "1610612736" "--user" "0:0" "--network" "none" "ghcr.io/rust-lang/crates-build-env/linux@sha256:20528e8c29e4536546f0102ce88568b16ea7538393a33fcca951030f7af10457" "/opt/rustwide/cargo-home/bin/cargo" "+ff34b919075f35a1787659e9c448a34b06bab8de" "test" "--frozen" "--no-run" "--message-format=json", kill_on_drop: false }`
[INFO] [stdout] 7f3e2161ea83e6e16854d5f8c8b07e6f1bb9c6b6093fbeee82325ff8db7c15a8
[INFO] [stderr] WARNING: Your kernel does not support swap limit capabilities or the cgroup is not mounted. Memory limited without swap.
[INFO] running `Command { std: "docker" "start" "-a" "7f3e2161ea83e6e16854d5f8c8b07e6f1bb9c6b6093fbeee82325ff8db7c15a8", kill_on_drop: false }`
[INFO] [stderr]    Compiling azulc v0.0.3 (/opt/rustwide/workdir)
[INFO] [stdout] error[E0432]: unresolved import `crate::Dummy`
[INFO] [stdout]     --> src/xml.rs:1559:9
[INFO] [stdout]      |
[INFO] [stdout] 1559 |     use crate::Dummy;
[INFO] [stdout]      |         ^^^^^^^^^^^^ no `Dummy` in the root
[INFO] [stdout] 
[INFO] [stdout] 
[INFO] [stdout] error[E0432]: unresolved import `azul_css::from_str`
[INFO] [stdout]    --> src/font.rs:131:13
[INFO] [stdout]     |
[INFO] [stdout] 131 |         use azul_css::from_str as css_from_str;
[INFO] [stdout]     |             ^^^^^^^^^^^^^^^^^^^^^^^^^^^^^^^^^^ no `from_str` in the root
[INFO] [stdout] 
[INFO] [stdout] 
[INFO] [stdout] error[E0433]: failed to resolve: use of undeclared type `RawImageFormat`
[INFO] [stdout]    --> src/font.rs:159:25
[INFO] [stdout]     |
[INFO] [stdout] 159 |                 format: RawImageFormat::R8,
[INFO] [stdout]     |                         ^^^^^^^^^^^^^^ use of undeclared type `RawImageFormat`
[INFO] [stdout] 
[INFO] [stdout] 
[INFO] [stdout] error[E0412]: cannot find type `FontSource` in this scope
[INFO] [stdout]    --> src/font.rs:146:31
[INFO] [stdout]     |
[INFO] [stdout] 146 |     fn fake_load_font_fn(_f: &FontSource) -> Option<LoadedFontSource> {
[INFO] [stdout]     |                               ^^^^^^^^^^ not found in this scope
[INFO] [stdout]     |
[INFO] [stdout] help: consider importing one of these items
[INFO] [stdout]     |
[INFO] [stdout] 3   | use azul_core::app_resources::FontSource;
[INFO] [stdout]     |
[INFO] [stdout] 3   | use crate::font_loading::FontSource;
[INFO] [stdout]     |
[INFO] [stdout] 
[INFO] [stdout] 
[INFO] [stdout] error[E0412]: cannot find type `LoadedFontSource` in this scope
[INFO] [stdout]    --> src/font.rs:146:53
[INFO] [stdout]     |
[INFO] [stdout] 146 |     fn fake_load_font_fn(_f: &FontSource) -> Option<LoadedFontSource> {
[INFO] [stdout]     |                                                     ^^^^^^^^^^^^^^^^ not found in this scope
[INFO] [stdout]     |
[INFO] [stdout] help: consider importing one of these items
[INFO] [stdout]     |
[INFO] [stdout] 3   | use azul_core::app_resources::LoadedFontSource;
[INFO] [stdout]     |
[INFO] [stdout] 3   | use crate::font_loading::LoadedFontSource;
[INFO] [stdout]     |
[INFO] [stdout] 
[INFO] [stdout] 
[INFO] [stdout] error[E0422]: cannot find struct, variant or union type `LoadedFontSource` in this scope
[INFO] [stdout]    --> src/font.rs:147:14
[INFO] [stdout]     |
[INFO] [stdout] 147 |         Some(LoadedFontSource {
[INFO] [stdout]     |              ^^^^^^^^^^^^^^^^ not found in this scope
[INFO] [stdout]     |
[INFO] [stdout] help: consider importing one of these items
[INFO] [stdout]     |
[INFO] [stdout] 3   | use azul_core::app_resources::LoadedFontSource;
[INFO] [stdout]     |
[INFO] [stdout] 3   | use crate::font_loading::LoadedFontSource;
[INFO] [stdout]     |
[INFO] [stdout] 
[INFO] [stdout] 
[INFO] [stdout] error[E0412]: cannot find type `ImageSource` in this scope
[INFO] [stdout]    --> src/font.rs:155:37
[INFO] [stdout]     |
[INFO] [stdout] 155 |     fn fake_load_image_font_fn(_i: &ImageSource) -> Option<LoadedImageSource> {
[INFO] [stdout]     |                                     ^^^^^^^^^^^ not found in this scope
[INFO] [stdout]     |
[INFO] [stdout] help: consider importing one of these items
[INFO] [stdout]     |
[INFO] [stdout] 3   | use azul_core::app_resources::ImageSource;
[INFO] [stdout]     |
[INFO] [stdout] 3   | use crate::image_loading::ImageSource;
[INFO] [stdout]     |
[INFO] [stdout] 
[INFO] [stdout] 
[INFO] [stdout] error[E0412]: cannot find type `LoadedImageSource` in this scope
[INFO] [stdout]    --> src/font.rs:155:60
[INFO] [stdout]     |
[INFO] [stdout] 155 |     fn fake_load_image_font_fn(_i: &ImageSource) -> Option<LoadedImageSource> {
[INFO] [stdout]     |                                                            ^^^^^^^^^^^^^^^^^ not found in this scope
[INFO] [stdout]     |
[INFO] [stdout] help: consider importing one of these items
[INFO] [stdout]     |
[INFO] [stdout] 3   | use azul_core::app_resources::LoadedImageSource;
[INFO] [stdout]     |
[INFO] [stdout] 3   | use crate::image_loading::LoadedImageSource;
[INFO] [stdout]     |
[INFO] [stdout] 
[INFO] [stdout] 
[INFO] [stdout] error[E0422]: cannot find struct, variant or union type `LoadedImageSource` in this scope
[INFO] [stdout]    --> src/font.rs:156:14
[INFO] [stdout]     |
[INFO] [stdout] 156 |         Some(LoadedImageSource {
[INFO] [stdout]     |              ^^^^^^^^^^^^^^^^^ not found in this scope
[INFO] [stdout]     |
[INFO] [stdout] help: consider importing one of these items
[INFO] [stdout]     |
[INFO] [stdout] 3   | use azul_core::app_resources::LoadedImageSource;
[INFO] [stdout]     |
[INFO] [stdout] 3   | use crate::image_loading::LoadedImageSource;
[INFO] [stdout]     |
[INFO] [stdout] 
[INFO] [stdout] 
[INFO] [stdout] error[E0433]: failed to resolve: use of undeclared type `ImageData`
[INFO] [stdout]    --> src/font.rs:157:34
[INFO] [stdout]     |
[INFO] [stdout] 157 |             image_bytes_decoded: ImageData::Raw(Arc::new(Vec::new())),
[INFO] [stdout]     |                                  ^^^^^^^^^ not found in this scope
[INFO] [stdout]     |
[INFO] [stdout] help: consider importing this enum
[INFO] [stdout]     |
[INFO] [stdout] 3   | use azul_core::app_resources::ImageData;
[INFO] [stdout]     |
[INFO] [stdout] 
[INFO] [stdout] 
[INFO] [stdout] error[E0422]: cannot find struct, variant or union type `ImageDescriptor` in this scope
[INFO] [stdout]    --> src/font.rs:158:31
[INFO] [stdout]     |
[INFO] [stdout] 158 |             image_descriptor: ImageDescriptor {
[INFO] [stdout]     |                               ^^^^^^^^^^^^^^^ not found in this scope
[INFO] [stdout]     |
[INFO] [stdout] help: consider importing this struct
[INFO] [stdout]     |
[INFO] [stdout] 3   | use azul_core::app_resources::ImageDescriptor;
[INFO] [stdout]     |
[INFO] [stdout] 
[INFO] [stdout] 
[INFO] [stdout] error[E0433]: failed to resolve: use of undeclared type `PipelineId`
[INFO] [stdout]    --> src/font.rs:175:23
[INFO] [stdout]     |
[INFO] [stdout] 175 |     let pipeline_id = PipelineId::new();
[INFO] [stdout]     |                       ^^^^^^^^^^ not found in this scope
[INFO] [stdout]     |
[INFO] [stdout] help: consider importing this struct
[INFO] [stdout]     |
[INFO] [stdout] 3   | use azul_core::callbacks::PipelineId;
[INFO] [stdout]     |
[INFO] [stdout] 
[INFO] [stdout] 
[INFO] [stdout] error[E0433]: failed to resolve: use of undeclared type `ImmediateFontId`
[INFO] [stdout]    --> src/font.rs:211:10
[INFO] [stdout]     |
[INFO] [stdout] 211 |         (ImmediateFontId::Unresolved("Arial".to_string()), build_set(vec![Au::from_px(DEFAULT_FONT_SIZE)])),
[INFO] [stdout]     |          ^^^^^^^^^^^^^^^ not found in this scope
[INFO] [stdout]     |
[INFO] [stdout] help: consider importing this enum
[INFO] [stdout]     |
[INFO] [stdout] 3   | use azul_core::app_resources::ImmediateFontId;
[INFO] [stdout]     |
[INFO] [stdout] 
[INFO] [stdout] 
[INFO] [stdout] error[E0433]: failed to resolve: use of undeclared type `ImmediateFontId`
[INFO] [stdout]    --> src/font.rs:212:10
[INFO] [stdout]     |
[INFO] [stdout] 212 |         (ImmediateFontId::Unresolved("Helvetica".to_string()), build_set(vec![Au::from_px(DEFAULT_FONT_SIZE)])),
[INFO] [stdout]     |          ^^^^^^^^^^^^^^^ not found in this scope
[INFO] [stdout]     |
[INFO] [stdout] help: consider importing this enum
[INFO] [stdout]     |
[INFO] [stdout] 3   | use azul_core::app_resources::ImmediateFontId;
[INFO] [stdout]     |
[INFO] [stdout] 
[INFO] [stdout] 
[INFO] [stdout] error[E0433]: failed to resolve: use of undeclared type `ImmediateFontId`
[INFO] [stdout]    --> src/font.rs:213:10
[INFO] [stdout]     |
[INFO] [stdout] 213 |         (ImmediateFontId::Unresolved("Times New Roman".to_string()), build_set(vec![Au::from_px(DEFAULT_FONT_SIZE)])),
[INFO] [stdout]     |          ^^^^^^^^^^^^^^^ not found in this scope
[INFO] [stdout]     |
[INFO] [stdout] help: consider importing this enum
[INFO] [stdout]     |
[INFO] [stdout] 3   | use azul_core::app_resources::ImmediateFontId;
[INFO] [stdout]     |
[INFO] [stdout] 
[INFO] [stdout] 
[INFO] [stdout] error[E0433]: failed to resolve: use of undeclared type `ImmediateFontId`
[INFO] [stdout]    --> src/font.rs:216:10
[INFO] [stdout]     |
[INFO] [stdout] 216 |         (ImmediateFontId::Unresolved("serif".to_string()), build_set(vec![Au::from_px(DEFAULT_FONT_SIZE)])),
[INFO] [stdout]     |          ^^^^^^^^^^^^^^^ not found in this scope
[INFO] [stdout]     |
[INFO] [stdout] help: consider importing this enum
[INFO] [stdout]     |
[INFO] [stdout] 3   | use azul_core::app_resources::ImmediateFontId;
[INFO] [stdout]     |
[INFO] [stdout] 
[INFO] [stdout] 
[INFO] [stdout] error[E0433]: failed to resolve: use of undeclared type `ImmediateFontId`
[INFO] [stdout]    --> src/font.rs:219:10
[INFO] [stdout]     |
[INFO] [stdout] 219 |         (ImmediateFontId::Unresolved("Arial".to_string()), build_set(vec![Au::from_px(DEFAULT_FONT_SIZE)])),
[INFO] [stdout]     |          ^^^^^^^^^^^^^^^ not found in this scope
[INFO] [stdout]     |
[INFO] [stdout] help: consider importing this enum
[INFO] [stdout]     |
[INFO] [stdout] 3   | use azul_core::app_resources::ImmediateFontId;
[INFO] [stdout]     |
[INFO] [stdout] 
[INFO] [stdout] 
[INFO] [stdout] error[E0433]: failed to resolve: use of undeclared type `ImmediateFontId`
[INFO] [stdout]    --> src/font.rs:220:10
[INFO] [stdout]     |
[INFO] [stdout] 220 |         (ImmediateFontId::Unresolved("Helvetica".to_string()), build_set(vec![Au::from_px(DEFAULT_FONT_SIZE)])),
[INFO] [stdout]     |          ^^^^^^^^^^^^^^^ not found in this scope
[INFO] [stdout]     |
[INFO] [stdout] help: consider importing this enum
[INFO] [stdout]     |
[INFO] [stdout] 3   | use azul_core::app_resources::ImmediateFontId;
[INFO] [stdout]     |
[INFO] [stdout] 
[INFO] [stdout] 
[INFO] [stdout] error[E0433]: failed to resolve: use of undeclared type `ImmediateFontId`
[INFO] [stdout]    --> src/font.rs:221:10
[INFO] [stdout]     |
[INFO] [stdout] 221 |         (ImmediateFontId::Unresolved("Times New Roman".to_string()), build_set(vec![Au::from_px(DEFAULT_FONT_SIZE)])),
[INFO] [stdout]     |          ^^^^^^^^^^^^^^^ not found in this scope
[INFO] [stdout]     |
[INFO] [stdout] help: consider importing this enum
[INFO] [stdout]     |
[INFO] [stdout] 3   | use azul_core::app_resources::ImmediateFontId;
[INFO] [stdout]     |
[INFO] [stdout] 
[INFO] [stdout] 
[INFO] [stdout] error[E0107]: this struct takes 0 type arguments but 1 type argument was supplied
[INFO] [stdout]    --> src/font.rs:129:43
[INFO] [stdout]     |
[INFO] [stdout] 129 |     fn build_ui(xml: &str, css: &str) -> (UiState<Mock>, UiDescription, DisplayList) {
[INFO] [stdout]     |                                           ^^^^^^^------ help: remove these generics
[INFO] [stdout]     |                                           |
[INFO] [stdout]     |                                           expected 0 type arguments
[INFO] [stdout]     |
[INFO] [stdout] note: struct defined here, with 0 type parameters
[INFO] [stdout]    --> /opt/rustwide/cargo-home/registry/src/github.com-1ecc6299db9ec823/azul-core-0.0.2/src/ui_state.rs:22:12
[INFO] [stdout]     |
[INFO] [stdout] 22  | pub struct UiState {
[INFO] [stdout]     |            ^^^^^^^
[INFO] [stdout] 
[INFO] [stdout] 
[INFO] [stdout] error: aborting due to 20 previous errors
[INFO] [stdout] 
[INFO] [stdout] 
[INFO] [stdout] Some errors have detailed explanations: E0107, E0412, E0422, E0432, E0433.
[INFO] [stdout] 
[INFO] [stdout] For more information about an error, try `rustc --explain E0107`.
[INFO] [stdout] 
[INFO] [stderr] error: could not compile `azulc`
[INFO] [stderr] 
[INFO] [stderr] To learn more, run the command again with --verbose.
[INFO] [stderr] warning: build failed, waiting for other jobs to finish...
[INFO] [stderr] error: build failed
[INFO] running `Command { std: "docker" "inspect" "7f3e2161ea83e6e16854d5f8c8b07e6f1bb9c6b6093fbeee82325ff8db7c15a8", kill_on_drop: false }`
[INFO] running `Command { std: "docker" "rm" "-f" "7f3e2161ea83e6e16854d5f8c8b07e6f1bb9c6b6093fbeee82325ff8db7c15a8", kill_on_drop: false }`
[INFO] [stdout] 7f3e2161ea83e6e16854d5f8c8b07e6f1bb9c6b6093fbeee82325ff8db7c15a8
